ppose h*j + 219 + 411 = 0. Is j/(-10) + (-6)/(-4) a composite number?
True
Suppose -4*s + 7435 = 5*n, n + s - 493 = 995. Is n prime?
True
Suppose 0 = t - 14 + 12, -4*y + 4612 = 4*t. Is y a composite number?
False
Suppose -3*y = -3*x - 0*y + 48, x = 5*y + 24. Let j(f) = 44*f - 59. Is j(x) a prime number?
True
Suppose 4*s - 2 - 26 = 0. Suppose -s*y = y - 9944. Is y a prime number?
False
Suppose 4*f - 4*d + 31 = 7, 4*f + 12 = d. Suppose 86 = -3*i + 314. Is i/(-8)*(f - 12) prime?
False
Suppose 75 = -5*z + 250. Let w be -3 + (-7)/(z/45). Is ((-282)/8)/(3/w) a composite number?
True
Is 175/(-70)*(-49004)/2 composite?
True
Let b(d) = -2*d**3 - 47*d**2 - 107*d - 55. Is b(-31) a composite number?
True
Let v(o) be the second derivative of -1/20*o**5 - 1/2*o**3 + 0 + 3/2*o**2 + 4*o - 5/12*o**4. Is v(-6) composite?
True
Let n(b) = 216*b - 30. Let f be n(-14). Is (8/3 - -2)/((-4)/f) prime?
False
Suppose -d + p + 2*p + 1909 = 0, 9494 = 5*d + 2*p. Suppose 246*i - 250*i + 20 = 0. Suppose i*j = 5*h + d, 378 = 3*j - 2*j + h. Is j prime?
True
Suppose 6*k - 2*k = 20. Suppose -3*v - 13958 = -k*t + 8786, t - 3*v - 4556 = 0. Is t composite?
False
Suppose -5*y = -4*x + 20, 5*x = -4 + 29. Suppose 6*f = -y*f + 474. Is f a composite number?
False
Suppose -5*m - 3*o + 5648 + 8285 = 0, -2*m + o = -5582. Is m a prime number?
True
Let r(p) = p**3 - 3*p**2 + 4*p - 1. Let a be r(3). Suppose -t + a - 2 = 0. Let n(q) = q**2 + 3*q + 1. Is n(t) prime?
True
Suppose -6*o = -18*o + 876. Let z be 53/3 + (-2)/(-6). Let h = z + o. Is h a composite number?
True
Let b = 12 + -7. Let a(v) = 44*v - 4 + 0 + b. Is a(5) a composite number?
True
Let c = -1815 + 5248. Is c a prime number?
True
Let t(l) = -3*l**2 + 2*l + 11. Let x(b) = -3*b**2 + 3*b + 11. Let r(a) = 6*t(a) - 7*x(a). Let c(k) = -k**3 + 8*k**2 - 11*k + 7. Let n be c(6). Is r(n) prime?
True
Let x be 8/6*3 + -2. Let v be 1/(-4) + (-49122)/(-72). Suppose x*q - v = 288. Is q prime?
False
Suppose 0 = -i - 12*i + 2418. Suppose 3*m - 249 - i = 0. Is m composite?
True
Let v be (2 + -6 - -3030)/2. Is (-66)/(-24) + -2 - v/(-4) a composite number?
False
Let y(o) = 7 + 7*o - 3*o + 9*o. Let k be y(-8). Let x = -39 - k. Is x a composite number?
True
Suppose 0 = -3*u + 6 + 15. Suppose -4*s + 1 = -u. Suppose -k + 492 = -g, s*k - 5*g + 2410 = 7*k. Is k a prime number?
True
Let s(m) = 67*m**2 + 9*m + 5. Suppose -b + 3*b + 12 = 0. Is s(b) composite?
True
Let z(s) = -s**2 - 8*s - 11. Let d be z(-9). Is (1/(-3))/(d/31020) composite?
True
Let i(o) = -o**3 + 4*o**2 + 5*o - 4. Let a be i(5). Is ((-40)/60)/(a/3018) prime?
True
Let b be (-3 - (-20)/8)/(2/1432). Let c = b + 1079. Is c a prime number?
False
Let j(o) be the third derivative of -o**5/60 + 13*o**4/12 - 7*o**3/3 + 13*o**2. Is j(21) composite?
True
Let h(i) = 15 + 8*i**3 - i**3 - 8*i**2 - 2*i**3 - 4*i**3 - 12*i. Is h(12) composite?
True
Let z = 16371 + -3856. Is z a prime number?
False
Suppose -6*h + 0*h = -3516. Is h prime?
False
Suppose 5*d - 18 = -d. Suppose 0 = -d*s - 275 + 1184. Is s a composite number?
True
Is ((-6689)/4)/((-14)/56) prime?
True
Let v(f) = -f**2 - 10*f + 17. Let h be v(-11). Let t(p) = 309 - 7*p**2 - 3*p + h*p**2 + 4*p. Is t(0) prime?
False
Let k be (-4426)/4 + (-3)/(-6). Let f be (-1)/(-3) + k/6. Let j = f + 290. Is j a prime number?
False
Let z(x) = x**3 - 15*x**2 + 14*x + 6. Let u be z(14). Suppose 0 = -8*d + u*d + 2222. Is d a composite number?
True
Let v(b) = 269*b**2 + 23*b - 167. Is v(8) a prime number?
False
Suppose 56*w - 854589 = 25115. Is w composite?
True
Let m be 4/(((-5)/(-2))/5). Suppose m = 3*a + 2. Suppose a*t = -29 + 255. Is t a composite number?
False
Let t(f) = -383*f**3 + 3*f + 2. Let o be t(-1). Suppose 5*z - o = 4*z. Is z prime?
False
Let a = -2886 - -4528. Is a a prime number?
False
Let z(w) = 239*w + 15. Let t be z(7). Let s = -1053 + t. Is s composite?
True
Suppose 3*z = 3*j - 219, -3*j + 108 + 90 = 4*z. Let m = j - 28. Let c = m - 21. Is c prime?
False
Let a be 226770/(-180) + 1/6*-1. Let c = a - -2179. Is c composite?
False
Suppose -5*q - 1 = -2*f + 20, 2*f = 3*q + 15. Let z(k) = 16 - f*k + 3*k - k - 4. Is z(-11) composite?
False
Let p = 113 - -301. Suppose p = 5*f + l, -f = -3*l + l - 85. Is f composite?
False
Is (2/4)/(1/50266) composite?
True
Let b be (76/16)/((-1)/(-28)). Suppose m + u - 37 = 0, -2*m + u + b = 2*m. Suppose -m = 5*q + 3*z - 162, 0 = -3*q - 4*z + 79. Is q a composite number?
True
Is (54546 - -1)*-3*(-2)/6 prime?
True
Suppose 0 = -27*b + 33*b - 24762. Is b composite?
False
Let a = -17660 - -49095. Is a prime?
False
Suppose -u = -2*d + 1114, -5*u = d + 2*d - 1671. Is d a prime number?
True
Let x be 12/6*(2 + -1). Suppose -y + 483 = x*y. Is y composite?
True
Let f = -80548 - -163921. Is f a composite number?
True
Suppose -3*h + 6 = 2*v - 47, -3*v - 36 = -h. Is h a composite number?
True
Suppose 265 = -4*l - 447. Is 4/(-24)*l*3 prime?
True
Suppose 7*t - 35 = 2*t. Let r(d) = -t*d - 8 - d**3 + 14*d**2 - 4*d - d. Is r(11) composite?
False
Let p(h) = 11*h**2 + 5*h + 6. Let g be p(-5). Suppose -v - 3*r = 0, -3*v + 2*r = -3*r. Suppose v*n + 5*n - 5*k = 250, 5*n - g = 3*k. Is n composite?
False
Let l(k) = 101*k + 108*k - 254*k - 2. Is l(-5) a prime number?
True
Let r(h) be the third derivative of -15*h**4/4 + 7*h**3/6 + 23*h**2 - 3. Suppose 0 = -0*v + 3*v + 12. Is r(v) a prime number?
True
Suppose -8661 = -6*u + 14061. Is u composite?
True
Let a = -53 + 1784. Is a composite?
True
Let q(x) = -x + 14. Let b be q(9). Suppose 0 = 2*c + 6, -19210 = -b*a - 9*c + 4*c. Is a prime?
False
Let q = 2467 - -622. Is q a prime number?
True
Let g = 1908 + -1273. Is g a composite number?
True
Let g(t) = t**2 - 17*t + 3. Suppose -3*o + 17 = j - 2*o, -j = 2*o - 17. Let b be g(j). Suppose -261 = -b*v + 177. Is v a prime number?
False
Suppose -264 = -r - 2*y + 197, 5*r = -2*y + 2329. Is r a composite number?
False
Suppose -2*z - 34 = c - 5*c, 4*c - 73 = 5*z. Let m(k) = -17*k - 30. Is m(z) a composite number?
False
Suppose -3*j - 2*j = 40. Let f be (j/12)/((-1)/3). Suppose 0 = -2*z + 3*g + 28, -5*g = z - f + 1. Is z prime?
True
Let o(n) = -n + 5. Let b be o(9). Let y be (514/b)/((-1)/2). Suppose -5*j + 1192 = y. Is j prime?
False
Let y(i) = -i + 1. Let f be y(7). Let k = -3 - f. Suppose q = -k*n - 2 + 81, 5*q - 343 = -2*n. Is q a prime number?
True
Suppose -3*d = -3*i + 7*i - 9, 2*i - 2 = -4*d. Suppose 10 = 4*k + k - 5*a, -2*k = -i*a. Suppose -4*t + 36 = 2*p - k*p, 4*t = p + 48. Is t composite?
False
Suppose w = -3*k + 45785, -3*w + 33252 = 3*k - 104091. Is w a composite number?
False
Let a = 391 + 393. Suppose -w + 46 = a. Let p = -367 - w. Is p prime?
False
Let t = 7109 - 1262. Is t prime?
False
Suppose 3*s - u = -s + 136487, s - 2*u = 34113. Is s a prime number?
True
Let s = 162 + -145. Suppose -s*g + 13044 = -5979. Is g prime?
False
Suppose -3*o = 4*o - 28. Suppose -3*j = -p + 920, -4*p - o*j + 0*j + 3632 = 0. Is p a prime number?
True
Suppose -2*p + 4*s + 4 = 8*s, 0 = -3*p + 5*s - 5. Suppose 2*z + 170 - 426 = p. Suppose w = y - z, -34 = y - 5*w - 142. Is y prime?
False
Let f be 5/20 - (-63)/4. Let u be 3/(-4) - (-44)/f. Suppose -115 = u*w - 3*w. Is w composite?
True
Let n(d) = 7*d + 9. Let y(c) = -20*c - 28. Let q(r) = -7*n(r) - 2*y(r). Let h be q(-3). Is h/(-130) + 2433/13 prime?
False
Suppose -6*z + z + 2*a = 10, -6 = 3*z - 5*a. Is 35*6 + z/(2 + -4) composite?
False
Suppose 0*d = 18*d - 72. Suppose 0 = -3*f - 5*n - 198, -2*f - 2*n = -4*f - 132. Is (f/d)/(2/(-4)) composite?
True
Suppose -66*y = -46*y - 28780. Is y composite?
False
Let k(f) be the second derivative of f**3/2 + 11*f**2/2 + 4*f. Let a be k(-5). Is a/10 - 7581/(-15) composite?
True
Suppose 0 = -l - 3*l, 3*f + 3*l - 9 = 0. Suppose -5*g + z = -178 + 48, f*g - 2*z - 85 = 0. Let q = 166 + g. Is q composite?
False
Suppose 4*s = -4*q + 13824, -4*q + s = -1072 - 12737. Is q a prime number?
False
Suppose -2*y + 560 - 564 = 0. Let v(m) be the third derivative of 13*m**5/60 + m**3/6 + 2*m**2. Is v(y) composite?
False
Suppose 10 = j + 4*j. Let c(m) = -7 + 10*m**3 + m**2 - 23*m - 3*m**j - 9*m**3 + 9*m. Is c(10) prime?
True
Suppose -11*w + 3689 = -4*w. Let x = w + -262. Is x a composite number?
True
Suppose -4*m = 3*b - m + 12, 0 = 5*b + m + 4. Let s(y) = y**2 + 3*y + 253. Is s(b) composite?
True
Let